82.10.238.149 - - [16/Oct/2006:11:37:47 -0500] "GET /phpmyadmin/themes/original/img/s_notice.png HTTP/1.1" 200 247 "http://seedsforthe.noiseflower.com:8011/phpmyadmin/css/phpmyadmin.css.php?lang=en-iso-8859-1&convcharset=iso-8859-1&collation_connection=utf8_unicode_ci&token=9fcb490b1c1eb1bd6c91887b22f80f9a&js_frame=right" "Mozilla/5.0 (X11; U; Linux i686; en-GB; rv:1.8.0.7) Gecko/20060923 Firefox/1.5.0.7"
82.10.238.149 - - [16/Oct/2006:11:37:47 -0500] "GET /phpmyadmin/favicon.ico HTTP/1.1" 404 325 "-" "Mozilla/5.0 (X11; U; Linux i686; en-GB; rv:1.8.0.7) Gecko/20060923 Firefox/1.5.0.7"
82.10.238.149 - - [16/Oct/2006:11:38:00 -0500] "POST /phpmyadmin/index.php HTTP/1.1" 302 - "http://seedsforthe.noiseflower.com:8011/phpmyadmin/" "Mozilla/5.0 (X11; U; Linux i686; en-GB; rv:1.8.0.7) Gecko/20060923 Firefox/1.5.0.7"
82.10.238.149 - - [16/Oct/2006:11:38:03 -0500] "GET /phpmyadmin/index.php?lang=en-iso-8859-1&convcharset=iso-8859-1&collation_connection=utf8_unicode_ci&token=9fcb490b1c1eb1bd6c91887b22f80f9a HTTP/1.1" 200 13920 "http://seedsforthe.noiseflower.com:8011/phpmyadmin/" "Mozilla/5.0 (X11; U; Linux i686; en-GB; rv:1.8.0.7) Gecko/20060923 Firefox/1.5.0.7"
82.10.238.149 - - [16/Oct/2006:11:38:09 -0500] "GET /phpmyadmin/css/phpmyadmin.css.php?lang=en-iso-8859-1&convcharset=iso-8859-1&collation_connection=utf8_unicode_ci&token=9fcb490b1c1eb1bd6c91887b22f80f9a&js_frame=right HTTP/1.1" 200 20142 "http://seedsforthe.noiseflower.com:8011/phpmyadmin/index.php?lang=en-iso-8859-1&convcharset=iso-8859-1&collation_connection=utf8_unicode_ci&token=9fcb490b1c1eb1bd6c91887b22f80f9a" "Mozilla/5.0 (X11; U; Linux i686; en-GB; rv:1.8.0.7) Gecko/20060923 Firefox/1.5.0.7"
82.10.238.149 - - [16/Oct/2006:11:38:10 -0500] "GET /phpmyadmin/themes/original/img/s_error.png HTTP/1.1" 200 272 "http://seedsforthe.noiseflower.com:8011/phpmyadmin/css/phpmyadmin.css.php?lang=en-iso-8859-1&convcharset=iso-8859-1&collation_connection=utf8_unicode_ci&token=9fcb490b1c1eb1bd6c91887b22f80f9a&js_frame=right" "Mozilla/5.0 (X11; U; Linux i686; en-GB; rv:1.8.0.7) Gecko/20060923 Firefox/1.5.0.7"
24.197.1.17 - - [16/Oct/2006:11:39:37 -0500] "GET /~protea/ HTTP/1.1" 200 700 "-" "Mozilla/4.0 (compatible; MSIE 6.0; Windows NT 5.1; SV1; .NET CLR 1.1.4322)"
24.197.1.17 - - [16/Oct/2006:11:39:37 -0500] "GET /icons/blank.gif HTTP/1.1" 304 - "http://seedsforthe.noiseflower.com:8011/~protea/" "Mozilla/4.0 (compatible; MSIE 6.0; Windows NT 5.1; SV1; .NET CLR 1.1.4322)"
24.197.1.17 - - [16/Oct/2006:11:39:37 -0500] "GET /icons/back.gif HTTP/1.1" 304 - "http://seedsforthe.noiseflower.com:8011/~protea/" "Mozilla/4.0 (compatible; MSIE 6.0; Windows NT 5.1; SV1; .NET CLR 1.1.4322)"
24.197.1.17 - - [16/Oct/2006:11:39:38 -0500] "GET /icons/unknown.gif HTTP/1.1" 304 - "http://seedsforthe.noiseflower.com:8011/~protea/" "Mozilla/4.0 (compatible; MSIE 6.0; Windows NT 5.1; SV1; .NET CLR 1.1.4322)"
24.197.1.17 - - [16/Oct/2006:11:39:39 -0500] "GET / HTTP/1.1" 200 4227 "http://seedsforthe.noiseflower.com:8011/~protea/" "Mozilla/4.0 (compatible; MSIE 6.0; Windows NT 5.1; SV1; .NET CLR 1.1.4322)"
84.71.174.68 - - [16/Oct/2006:11:42:01 -0500] "GET /phpmyadmin/css/phpmyadmin.css.php?lang=en-iso-8859-1&convcharset=iso-8859-1&collation_connection=utf8_unicode_ci&token=26b82d83427eac892ff031ffb63ac667&js_frame=right HTTP/1.1" 200 6453 "-" "Mozilla/5.0 (Windows; U; Windows NT 6.0; en-US; rv:1.9a1) Gecko/20061014 Minefield/3.0a1"
84.131.77.7 - - [16/Oct/2006:11:51:15 -0500] "GET /hack.html HTTP/1.1" 200 4227 "http://www.disrespectcopyrights.net/rtb/" "Mozilla/5.0 (Windows; U; Windows NT 5.1; de; rv:1.8.0.7) Gecko/20060909 Firefox/1.5.0.7"
84.131.77.7 - - [16/Oct/2006:11:51:18 -0500] "GET /favicon.ico HTTP/1.1" 404 314 "-" "Mozilla/5.0 (Windows; U; Windows NT 5.1; de; rv:1.8.0.7) Gecko/20060909 Firefox/1.5.0.7"
84.131.77.7 - - [16/Oct/2006:11:52:02 -0500] "GET /favicon.ico HTTP/1.1" 404 314 "-" "Mozilla/5.0 (Windows; U; Windows NT 5.1; de; rv:1.8.0.7) Gecko/20060909 Firefox/1.5.0.7"
84.131.77.7 - - [16/Oct/2006:11:51:55 -0500] "GET /phpmyadmin/ HTTP/1.1" 200 14308 "http://seedsforthe.noiseflower.com:8011/hack.html" "Mozilla/5.0 (Windows; U; Windows NT 5.1; de; rv:1.8.0.7) Gecko/20060909 Firefox/1.5.0.7"
84.131.77.7 - - [16/Oct/2006:11:52:02 -0500] "GET /favicon.ico HTTP/1.1" 404 314 "-" "Mozilla/5.0 (Windows; U; Windows NT 5.1; de; rv:1.8.0.7) Gecko/20060909 Firefox/1.5.0.7"
84.131.77.7 - - [16/Oct/2006:11:52:06 -0500] "GET /favicon.ico HTTP/1.1" 404 314 "-" "Mozilla/5.0 (Windows; U; Windows NT 5.1; de; rv:1.8.0.7) Gecko/20060909 Firefox/1.5.0.7"
84.131.77.7 - - [16/Oct/2006:11:52:27 -0500] "GET /favicon.ico HTTP/1.1" 404 314 "-" "Mozilla/5.0 (Windows; U; Windows NT 5.1; de; rv:1.8.0.7) Gecko/20060909 Firefox/1.5.0.7"
84.131.77.7 - - [16/Oct/2006:11:52:59 -0500] "GET /favicon.ico HTTP/1.1" 404 314 "-" "Mozilla/5.0 (Windows; U; Windows NT 5.1; de; rv:1.8.0.7) Gecko/20060909 Firefox/1.5.0.7"
84.131.77.7 - - [16/Oct/2006:12:00:46 -0500] "GET /favicon.ico HTTP/1.1" 404 314 "-" "Mozilla/5.0 (Windows; U; Windows NT 5.1; de; rv:1.8.0.7) Gecko/20060909 Firefox/1.5.0.7"
84.131.77.7 - - [16/Oct/2006:12:01:40 -0500] "GET /favicon.ico HTTP/1.1" 404 314 "-" "Mozilla/5.0 (Windows; U; Windows NT 5.1; de; rv:1.8.0.7) Gecko/20060909 Firefox/1.5.0.7"
84.131.77.7 - - [16/Oct/2006:12:03:50 -0500] "GET / HTTP/1.1" 200 4227 "-" "Mozilla/5.0 (Windows; U; Windows NT 5.1; de; rv:1.8.0.7) Gecko/20060909 Firefox/1.5.0.7"
84.71.174.68 - - [16/Oct/2006:12:06:00 -0500] "GET /hack.html HTTP/1.1" 200 241 "-" "Mozilla/5.0 (Windows; U; Windows NT 6.0; en-US; rv:1.9a1) Gecko/20061014 Minefield/3.0a1"
82.10.238.149 - - [16/Oct/2006:12:07:57 -0500] "GET /hack.html HTTP/1.1" 200 241 "-" "Mozilla/5.0 (X11; U; Linux i686; en-GB; rv:1.8.0.7) Gecko/20060923 Firefox/1.5.0.7"
84.71.174.68 - - [16/Oct/2006:12:08:03 -0500] "GET /phpmyadmin/index.php?lang=en-iso-8859-1&convcharset=iso-8859-1&collation_connection=utf8_unicode_ci&token=57e17aeb62fa0045e3bb08e5b3ff1f09 HTTP/1.1" 200 13964 "http://seedsforthe.noiseflower.com:8011/phpmyadmin/" "Mozilla/5.0 (Windows; U; Windows NT 6.0; en-US; rv:1.9a1) Gecko/20061014 Minefield/3.0a1"
84.71.174.68 - - [16/Oct/2006:12:08:14 -0500] "GET /phpmyadmin/css/phpmyadmin.css.php?lang=en-iso-8859-1&convcharset=iso-8859-1&collation_connection=utf8_unicode_ci&token=57e17aeb62fa0045e3bb08e5b3ff1f09&js_frame=right HTTP/1.1" 200 20142 "http://seedsforthe.noiseflower.com:8011/phpmyadmin/index.php?lang=en-iso-8859-1&convcharset=iso-8859-1&collation_connection=utf8_unicode_ci&token=57e17aeb62fa0045e3bb08e5b3ff1f09" "Mozilla/5.0 (Windows; U; Windows NT 6.0; en-US; rv:1.9a1) Gecko/20061014 Minefield/3.0a1"
84.71.174.68 - - [16/Oct/2006:12:11:30 -0500] "GET /hack.html HTTP/1.1" 200 219 "http://www.disrespectcopyrights.net/rtb/" "Mozilla/5.0 (Windows; U; Windows NT 6.0; en-US; rv:1.9a1) Gecko/20061014 Minefield/3.0a1"
84.155.208.77 - - [16/Oct/2006:12:12:11 -0500] "GET /hack.html HTTP/1.1" 200 219 "http://www.disrespectcopyrights.net/hackmeeting/" "Mozilla/5.0 (X11; U; Linux i686; de; rv:1.8.0.7) Gecko/20060917 Firefox/1.5.0.7"
84.155.208.77 - - [16/Oct/2006:12:12:11 -0500] "GET /favicon.ico HTTP/1.1" 404 314 "-" "Mozilla/5.0 (X11; U; Linux i686; de; rv:1.8.0.7) Gecko/20060917 Firefox/1.5.0.7"
84.71.174.68 - - [16/Oct/2006:12:15:14 -0500] "GET /hack.html HTTP/1.1" 304 - "http://www.disrespectcopyrights.net/rtb/" "Mozilla/5.0 (Windows; U; Windows NT 6.0; en-US; rv:1.9a1) Gecko/20061014 Minefield/3.0a1"
82.10.238.149 - - [16/Oct/2006:12:15:52 -0500] "GET /hack.html HTTP/1.1" 200 219 "-" "Mozilla/5.0 (X11; U; Linux i686; en-GB; rv:1.8.0.7) Gecko/20060923 Firefox/1.5.0.7"
67.167.206.229 - - [16/Oct/2006:12:16:11 -0500] "GET /hack.html HTTP/1.0" 200 219 "-" "Wget/1.10.2"
84.131.77.7 - - [16/Oct/2006:12:28:02 -0500] "GET /phpbackdoor.php HTTP/1.1" 404 318 "-" "Mozilla/5.0 (Windows; U; Windows NT 5.1; de; rv:1.8.0.7) Gecko/20060909 Firefox/1.5.0.7"
217.83.109.67 - - [16/Oct/2006:12:48:31 -0500] "GET / HTTP/1.1" 200 219 "http://www.hackthissite.org/" "Opera/9.02 (Macintosh; PPC Mac OS X; U; de)"
217.83.109.67 - - [16/Oct/2006:12:48:33 -0500] "GET /favicon.ico HTTP/1.1" 404 314 "http://seedsforthe.noiseflower.com:8011/" "Opera/9.02 (Macintosh; PPC Mac OS X; U; de)"
24.197.1.17 - - [16/Oct/2006:12:53:26 -0500] "GET /~protea//favicon.ico HTTP/1.1" 404 323 "-" "Mozilla/5.0 (Windows; U; Windows NT 5.1; en-US; rv:1.8.0.7) Gecko/20060909 Firefox/1.5.0.7"
24.197.1.17 - - [16/Oct/2006:12:53:26 -0500] "GET /~protea/ HTTP/1.1" 200 584 "-" "Mozilla/5.0 (Windows; U; Windows NT 5.1; en-US; rv:1.8.0.7) Gecko/20060909 Firefox/1.5.0.7"
24.197.1.17 - - [16/Oct/2006:12:53:30 -0500] "GET /icons/back.gif HTTP/1.1" 200 216 "http://seedsforthe.noiseflower.com:8011/~protea/" "Mozilla/5.0 (Windows; U; Windows NT 5.1; en-US; rv:1.8.0.7) Gecko/20060909 Firefox/1.5.0.7"
24.197.1.17 - - [16/Oct/2006:12:53:30 -0500] "GET /icons/blank.gif HTTP/1.1" 200 148 "http://seedsforthe.noiseflower.com:8011/~protea/" "Mozilla/5.0 (Windows; U; Windows NT 5.1; en-US; rv:1.8.0.7) Gecko/20060909 Firefox/1.5.0.7"
24.197.1.17 - - [16/Oct/2006:12:53:31 -0500] "GET /favicon.ico HTTP/1.1" 404 314 "-" "Mozilla/5.0 (Windows; U; Windows NT 5.1; en-US; rv:1.8.0.7) Gecko/20060909 Firefox/1.5.0.7"
24.197.1.17 - - [16/Oct/2006:12:53:36 -0500] "GET / HTTP/1.1" 200 219 "http://seedsforthe.noiseflower.com:8011/~protea/" "Mozilla/5.0 (Windows; U; Windows NT 5.1; en-US; rv:1.8.0.7) Gecko/20060909 Firefox/1.5.0.7"
84.71.174.68 - - [16/Oct/2006:13:24:32 -0500] "GET /~protea/id_dsa.pub HTTP/1.1" 200 1113 "-" "Mozilla/5.0 (Windows; U; Windows NT 6.0; en-US; rv:1.9a1) Gecko/20061014 Minefield/3.0a1"
84.71.174.68 - - [16/Oct/2006:13:30:23 -0500] "GET /hack.html HTTP/1.1" 304 - "http://www.disrespectcopyrights.net/rtb/" "Mozilla/5.0 (Windows; U; Windows NT 6.0; en-US; rv:1.9a1) Gecko/20061014 Minefield/3.0a1"
84.71.174.68 - - [16/Oct/2006:13:30:31 -0500] "GET /~protea/id_dsa HTTP/1.1" 403 321 "-" "Mozilla/5.0 (Windows; U; Windows NT 6.0; en-US; rv:1.9a1) Gecko/20061014 Minefield/3.0a1"
82.10.238.149 - - [16/Oct/2006:13:39:04 -0500] "GET /hack.html HTTP/1.1" 304 - "-" "Mozilla/5.0 (X11; U; Linux i686; en-GB; rv:1.8.0.7) Gecko/20060923 Firefox/1.5.0.7"
67.167.206.229 - - [16/Oct/2006:13:44:53 -0500] "GET /hack.html HTTP/1.1" 200 219 "http://disrespectcopyrights.net/rtb/" "Mozilla/5.0 (X11; U; Linux ppc; en-US; rv:1.8.0.7) Gecko/20060921 Ubuntu/dapper-security Firefox/1.5.0.7"
67.167.206.229 - - [16/Oct/2006:13:44:55 -0500] "GET /favicon.ico HTTP/1.1" 404 314 "-" "Mozilla/5.0 (X11; U; Linux ppc; en-US; rv:1.8.0.7) Gecko/20060921 Ubuntu/dapper-security Firefox/1.5.0.7"
70.59.97.135 - - [16/Oct/2006:14:06:25 -0500] "GET /hack.html HTTP/1.1" 200 219 "http://www.disrespectcopyrights.net/rtb/" "Mozilla/5.0 (Windows; U; Windows NT 5.1; en-US; rv:1.8.0.7) Gecko/20060909 Firefox/1.5.0.7"
70.59.97.135 - - [16/Oct/2006:14:06:27 -0500] "GET /favicon.ico HTTP/1.1" 404 314 "-" "Mozilla/5.0 (Windows; U; Windows NT 5.1; en-US; rv:1.8.0.7) Gecko/20060909 Firefox/1.5.0.7"
84.155.208.77 - - [16/Oct/2006:14:58:14 -0500] "GET /hack.html HTTP/1.1" 200 219 "http://www.disrespectcopyrights.net/hackmeeting/" "Mozilla/5.0 (X11; U; Linux i686; de; rv:1.8.0.7) Gecko/20060917 Firefox/1.5.0.7"
84.155.208.77 - - [16/Oct/2006:14:58:17 -0500] "GET /favicon.ico HTTP/1.1" 404 314 "-" "Mozilla/5.0 (X11; U; Linux i686; de; rv:1.8.0.7) Gecko/20060917 Firefox/1.5.0.7"